 = 3*x - 25. Let t be 1*(-4 + 2) - -7. Let f(d) = -2*d + 0*d**2 + d + 0*d**3 + t*d**2 - d**3. Determine f(y).
-5
Let x(c) = 3*c - 21*c - 1 + 6*c + 3*c**2 + 3*c + 7*c. Let j(s) = s - 9. Let h = 8 - 0. Let r be j(h). Determine x(r).
4
Let d(h) = -20*h + 1. Let r(i) = 27*i**2 - 134*i - 6. Let y be r(5). Determine d(y).
21
Let o = 11429 - 11423. Let q(w) = w**2 + 9*w - 54. Give q(o).
36
Let t(i) = i**2 - 3*i - 38. Let f be t(7). Let a(j) = j**2. Let g(r) = 4*r**2 + 10*r + 3. Let b(n) = 3*a(n) - g(n). Calculate b(f).
-3
Let a(o) = -18 - 24 + 9 - 3*o + 12 - 25. Give a(-29).
41
Let l(k) = k + 38*k - 26*k - 5. Let t(a) = 5*a - 2. Let p(f) = -4*l(f) + 11*t(f). Calculate p(-7).
-23
Let w be 37/7 + (-4)/14. Let c(u) = 4*u**3 - w*u**3 - 5 + u**2 - 3*u**2 + 3*u. Let d be (-474)/869 - 38/11. Calculate c(d).
15
Let k(d) = -d**3 - 24*d**2 - 22*d - 22. Let w(o) = -o**3 - 10*o**2 + 180*o + 148. Let c be w(-19). Calculate k(c).
-45
Let j(s) be the third derivative of -s**5/60 - 13*s**4/24 - s**3/3 - 6*s**2 - 40*s. Give j(-3).
28
Let r(v) = -13*v**3 - 366 + 5*v + 10*v**2 + 12*v**3 + 380. Determine r(11).
-52
Let b(k) be the second derivative of k**3/3 + 29*k**2/2 - 1256*k. Give b(-10).
9
Let o(p) = 18 - 30496410*p + 15248204*p + 15248204*p. Suppose -5*f + 43 = -0*f + 2*b, 0 = -f - b + 11. What is o(f)?
4
Let a(h) = h**2 - 9*h + 7. Suppose -5*f - 5*g = -55, 19 + 16 = 5*g. Determine a(f).
-13
Let z(q) = -55*q + 14*q - 12*q**2 - q**3 + 15*q + 46 + 14*q + 15*q. Give z(-12).
10
Let p = 22 + -31. Let g(j) = -66*j + 29*j + 1 + 40*j + 1. Give g(p).
-25
Let s(l) = 2 - 3 + 3029*l**2 - 3015*l**2. Let j be 0 + (-1)/(-2) - 35/(-70). Determine s(j).
13
Let p(i) = -3*i**2 - 134*i + 422. Let c be p(3). Let h(g) = -g**3 - 5*g**2 + 10*g - 27. Calculate h(c).
1
Let c = -49 + 53. Let p(a) = 0*a + 4*a + 0*a + a. Calculate p(c).
20
Suppose -3*y - 4 = -3*u + 2, 5*u - 31 = -2*y. Let q(k) = -334*k**3 - 5 + 11*k - 2 + 118*k**3 - 9*k**2 + 108*k**3 + 109*k**y. Give q(7).
-28
Let k(o) = 36*o - 247. Suppose -97*f - 152*f + 1743 = 0. What is k(f)?
5
Let f(a) be the first derivative of -2*a**2 - 10*a - 10733. Let g(x) = -x**3 - 7*x**2 + 2*x + 10. Let t be g(-7). What is f(t)?
6
Let o(s) be the third derivative of -s**7/2520 - s**6/144 + s**5/20 + 5*s**4/12 - 35*s**2. Let h(c) be the second derivative of o(c). What is h(-6)?
0
Let v be (-4 - -1)*(460/12 - 1). Let w = v + 119. Let r(c) = -9*c + 56. Let k be r(w). Let f(d) = -d**2 - 6*d + 7. What is f(k)?
0
Let d(q) be the second derivative of q**5/20 - 5*q**4/6 - 2*q**3 + 5*q**2 - 128*q. Let h = 36 + -25. Determine d(h).
-1
Suppose -9 = 2*d + z, d + d - z + 15 = 0. Let n be (-19)/(-38) + 2 + (-9)/d. Let k(o) = -o**3 + 4*o**2 - o + 2. What is k(n)?
-2
Let i(n) = -74*n - 7. Let w(d) = 11*d + 2. Let p(c) = -i(c) - 6*w(c). What is p(7)?
51
Let y(q) = 14897*q - 29824*q + 14910*q - 50 - 30. What is y(-3)?
-29
Suppose -39 = -3*r - 9. Let b be ((-24)/r - -2)*-10. Let h(a) = a**3 - 5*a**2 + 6*a - 3. Determine h(b).
5
Let y(s) be the first derivative of 23*s**2/2 - 104*s + 1752. Determine y(4).
-12
Let a = -79 + 107. Suppose 6*d - 16 + a = 0. Let l(o) = 4*o - 1. What is l(d)?
-9
Let t(d) = 177*d**2 - 51 - 176*d**2 + 53 - 5*d. Suppose -2 = -5*n + 13. Determine t(n).
-4
Let m(n) = -1474*n + 2968*n + 12 - 1498*n. Let w(y) = y**3 - 5*y**2 - 4*y - 3. Let o be w(6). Give m(o).
-24
Let w(g) = -16*g - 9. Let s(t) = -25*t - 19. Let q(j) = -3*s(j) + 5*w(j). Calculate q(4).
-8
Let b(s) = -s**3 - 4*s**2 + 4. Let j = -321 - -222. Let c = j - -97. Let f be (-16)/c*24/(-48). What is b(f)?
4
Let a(m) = m**2 + 23*m + 62. Let f(c) = c**2 + 23*c + 63. Let o(s) = 4*a(s) - 3*f(s). Let b be o(-20). Let k(u) = 4*u**3 - 1. Give k(b).
-5
Let q(s) = 14*s**2 - 26*s - 7*s**2 + 3 + 5 - 6*s**2 - 2. What is q(26)?
6
Let m(o) = -o**3 - 11*o**2 - 29*o + 8. Let h be m(-6). Suppose -h*x + c - 1 = -12, 0 = 3*x + 3*c - 21. Let s(d) = 3*d. Calculate s(x).
18
Let y(x) be the third derivative of 0*x - 4/3*x**3 + 0 - 1/12*x**4 + 29*x**2. Determine y(0).
-8
Let h(z) = -z**2 - 2*z + 2. Let u = -137 + 291. Let l = -157 + u. Calculate h(l).
-1
Let n(o) = -3*o. Let d be n(-3). Let j be (-4)/((-12)/15) + -1 - -9. Let m(z) = 13 + z**2 + z - j*z + 2*z - 4. Give m(d).
0
Suppose -22*h = 57*h + 474. Let r(f) = 4*f + 16. Give r(h).
-8
Let k(n) be the third derivative of n**5/30 - 5*n**3/3 - 4256*n**2. Determine k(-2).
-2
Suppose 0 = -46*s + 28*s. Suppose s = -d - 11*d. Let f(o) = o - 9. Give f(d).
-9
Let c(w) = -w**2 - 1. Let z be c(-2). Let v be (-2)/3*3/(-1). Let d(b) = b**2 + 2*b - 3 + 1 + 9*b - 7*b + v*b. What is d(z)?
-7
Suppose 20 = 5*a + 4*v, 12 = a + 2*a - 2*v. Suppose 0 = -k - a + 14. Let t(f) = k*f - f - 8*f. What is t(-2)?
-2
Let m be 2/(-4)*(-14 + 0/14). Let a(n) = 20*n - 127. Calculate a(m).
13
Let z(f) = -1 - f**2 + 4*f**2 + f**2 + 5*f**2 + 4*f - 10*f**2. Determine z(4).
-1
Let r(j) be the first derivative of j**3/3 + 7*j**2/2 - 14*j - 2073. What is r(-8)?
-6
Let v(z) = 45825 + 46049 + 6*z - 92046. Calculate v(26).
-16
Let m(w) = -64*w - 190. Suppose 16*l + 34*l + 201 = -17*l. What is m(l)?
2
Let z(x) = -x**2 - 5*x - 1. Suppose -2*i + 13 = 3. Let n(m) = -m**2 + 5*m - 7. Let a be n(i). Let h = a + 3. Determine z(h).
3
Let t(h) = -4*h + 33. Let i = -1997 + 2008. Calculate t(i).
-11
Suppose 0 = -4*g + 8. Let q(a) = 1 - 3 - g*a + 6 + a. Let n(s) = -6*s - 315. Let o be n(-53). What is q(o)?
1
Let b(p) be the first derivative of -p**4/4 + 2*p**3/3 + 3*p**2 - 3*p - 22952. Let n be ((-3)/(-1) + 0)*1. What is b(n)?
6
Suppose 2*o + 382 = -72. Let i = -92 - o. Let m(t) = 2 + 133*t - 267*t + i*t. Determine m(6).
8
Let n(w) = w**2 - 5*w - 156. Let j be (-8)/(-5)*(-200)/(-48)*72/32. Determine n(j).
-6
Let h(i) = 3*i + 8. Let p be 3 - (-3 + 3)/2. Let r be (-45)/(-54) + (-65)/6 + p. Give h(r).
-13
Let d(z) = -23*z - 7. Let h = -14174 - -14174. Give d(h).
-7
Let n(a) be the third derivative of a**6/120 + a**5/60 - a**4/6 + a**3/2 + 4*a**2 + 622*a. Suppose 5*q - u = 13, 1 = -3*q - q - 3*u. Calculate n(q).
7
Suppose -6*g = 77*g + 165*g - 744. Let n(c) = 5*c**2 - 9*c - 1. Calculate n(g).
17
Let g(w) be the third derivative of w**6/120 - w**5/60 - 2*w**4/3 + w**3 - 116*w**2. Give g(4).
-10
Let b(t) = -4*t**2 + 106*t + 6*t**2 - 3*t**2 - 113*t. Let c = -37 - -31. What is b(c)?
6
Let g(a) = 238*a**3 + 15*a**2 + 2*a + 9. Let h(d) = 110*d**3 + 7*d**2 + d + 4. Let z(k) = 6*g(k) - 13*h(k). What is z(1)?
-2
Suppose -3*n = 3*x - 6*x + 12, 2*x - 11 = 5*n. Let w(p) = -12*p**3 + p + 6*p**x - p**2 + 7 + 5*p**3. Determine w(0).
7
Let p(f) = f**3 + 7*f**2 + 6*f - 5. Suppose -4*y + 1117 = -7. Let b = 275 - y. Give p(b).
-5
Let l be ((-1)/((-3)/22))/((-3)/(-9)). Let n be 2/l*35 + (-182)/1001. Let p(g) be the second derivative of -g**4/12 + g**3/6 + 2*g**2 + g. What is p(n)?
-2
Suppose z - 65 = -12*z. Suppose z*t = -y - 13, -3*y = -y - t - 7. Let j(q) = -7*q + 2. Determine j(y).
-12
Let v(b) = -8*b**3 + 2*b - 1. Suppose -7 - 1 = -2*s. Let y be (-51 + 13)/((-2)/s). Let r = y + -75. What is v(r)?
-7
Let a(i) = -4*i**3 - 13*i**2 - 43*i - 22. Let r(s) = 9*s**3 + 27*s**2 + 90*s + 43. Let m(z) = -7*a(z) - 3*r(z). Give m(-6).
-17
Let p(o) = o**2 - 9*o + 15. Let l be -36 - -37 - (519 + 2). Let j = l + 527. What is p(j)?
1
Let f(v) = 114*v - 223*v + 39 + 106*v. Let k be f(11). Let p(z) = -z**3 + 6*z**2 + 5*z - 9. Determine p(k).
21
Let u(b) = 17 - 9 + 0*b**3 - b**3 - 3*b + 11*b - 6*b**2. Suppose 104 + 344 = 16*s. Suppose 0 = -8*d + s - 84. Determine u(d).
1
Let j(a) = 7*a**2 - 6*a. Let v(r) = -r - 1. Let u(h) = -j(h) + 4*v(h). Let k(x) = -12*x**2 + 3*x - 8. Let q(o) = -3*k(o) + 5*u(o). Determine q(0).
4
Let d = -308 + 315. Let y(f) = 42 - f**3 - 40 + 2*f**2 + d*f - 8*f**2. What is y(-7)?
2
Let l(f) be the first derivative of -f**4/4 + 16*f**3/3 + 15*f**2/2 - 28*f + 1562. What is l(17)?
-62
Let n(t) be the first derivative of t**4/4 - t**3 + 2*t + 1717. Let l be 7/5 - 18/(-30). Determine n(l).
-2
Let f(h) = -103*h + 208*h - 104*h. Let q(a) = 4*a + 2. Let x(r) = 11*f(r) - 2*q(r). Let u = -6 + 9. What is x(u)?
5
Let k(a) be the first derivative of 136 - 3*a**3 - 5*a - 9/2*a**2 - 1/4*a**4. Suppose -5*h - 3 = 37. Determine k(h).
3
Let t(l) = l**2 - 6*l + 4. Let p(o) be the second derivative of -25/2*o**2 - 13*o - 5/6*o**3 + 0. Let y be p(-6)